**3 + 963*v**2 - 2*v - 11. Suppose 4*q - 2*s = -q - 25, -4*q - 5*s + 13 = 0. Give m(q).
6
Let y(k) = 18*k - 924. Let n be y(52). Let p(z) be the third derivative of -z**4/24 + 3*z**3/2 - 3*z**2. What is p(n)?
-3
Let n = 88 - 83. Let j be -1 + 2 - 3/(-3). Suppose n*v + j*v = 63. Let a(f) = -f**3 + 9*f**2 + 2*f. Calculate a(v).
18
Let h(c) = -c**2 + 7*c + 9. Suppose 0 = 19*l + 1048 - 3518. Suppose 0 = l*j - 135*j + 40. Give h(j).
1
Let r(v) = 895*v - 9*v**2 - 447*v - v**3 + 14 - 446*v. Let b be r(-9). Let z(a) = 2*a + 3. What is z(b)?
-5
Let t(c) = 47*c**2 + 528*c + 133. Let o be t(-11). Let p(g) = -g**3 + 13*g**2 - 6*g - 1. Give p(o).
71
Let x be (-4 - 2)*(-20)/20. Let y(f) = 7*f - 46. What is y(x)?
-4
Let m(z) = 3*z - 1. Suppose 0 = 36*i - 6*i + 150. Let r be (-3*(-2)/(-27))/(i/45). Calculate m(r).
5
Let r(v) be the second derivative of -v**4/6 + 8*v**3 + 5*v**2/2 - 626*v - 1. Give r(24).
5
Let i(t) = 16*t**3 - 5*t**2 + 5*t + 6. Let x(r) = -r**2 - 8*r + 85. Let j be x(6). Let l(h) = -h**3 - h**2 + h + 1. Let u(o) = j*i(o) - 6*l(o). Calculate u(1).
22
Suppose -2*s = 2*s - 5*g - 27, -2*g + 9 = 5*s. Let v(f) = -f - 2*f**3 + 3*f**s - 5*f**2 + 3*f**2. Suppose 35*q = 22*q + 39. Calculate v(q).
6
Suppose i - 254*a = -250*a - 17, -2*i - 2*a = -46. Let f(x) = -2*x**2 + 30*x - 5. What is f(i)?
-5
Let r(h) be the second derivative of -1/2*h**2 + 1/6*h**3 + 63*h + 0. Calculate r(-8).
-9
Let p be 2/10 - (-18)/10. Let n(z) be the second derivative of 3*z**4/4 - z**3/3 - 4*z + 16. What is n(p)?
32
Let r(w) = -1 - 4*w + w + 4*w. Let t(z) = -7*z**3 - 170*z**2 - 49*z - 19. Let q be t(-24). Give r(q).
4
Suppose 164*d - 474 = -401 + 911. Let y(q) = -2*q**3 + 15*q**2 - 16*q - 10. What is y(d)?
2
Let t(i) = 3*i**2 - 9*i + 21. Let b(h) = h**2 - 2*h + 5. Let r(a) = -21*b(a) + 5*t(a). Let c = -126 + 85. Let d = c + 39. Determine r(d).
-18
Let d = -8 + 16. Let k(y) = -2*y**2 + 15*y - 18. Let z be k(2). Let b(s) = -z*s**2 + s**3 + 6*s + 0*s - 4*s**2 - 7*s + 2*s - 8. Determine b(d).
0
Let q(a) = -18*a - 4. Suppose 0 = 12*s - 10*s - 11*s. Determine q(s).
-4
Let x(q) = 3*q**2 - 8*q - 26. Let u be x(-2). Let v(h) = 40703 + 6*h**3 - 40700 - 8*h**2 - 3*h**3 - 10*h - u*h**3. Let l = 15 - 6. What is v(l)?
-6
Let i(d) = -d**3 - 10*d**2 - 8*d + 7. Suppose 12*q + 231 = -q + 114. Determine i(q).
-2
Let y(m) = 2*m**2 - 4*m - 2. Let d = 777 + -773. Determine y(d).
14
Let f(u) = -2*u**3 + 10*u**2 - u + 12. Let g(b) = 4*b + 5. Let h be g(0). Let s be f(h). Let i(j) = j**3 - 7*j**2 - 1. Calculate i(s).
-1
Let x(d) = -5*d**2 + 28*d + 4. Let y(r) = -29*r + 1832. Let u be y(63). Determine x(u).
19
Let f(a) = -8*a + 47. Let w(d) = 3*d + 1. Let t(p) = f(p) + 5*w(p). Calculate t(-8).
-4
Let s(i) = -i - 27. Let n be 2/7 + (-144)/(-84) - -3. Let d(l) = l**2 + 2. Let c be d(0). Suppose 0 = -n*b + 4*q + 20, 5 = -5*b - 3*q + c*q. Give s(b).
-27
Let h(t) = -t**3 - 6*t**2 + 17*t + 23. Suppose -2*w + 497 = -5*v + 459, w = 2*v + 15. What is h(v)?
15
Suppose 5*o + 1 = 6*o. Let r = 16 + -9. Let b(a) = 0 - a + 3 - 2 + r*a**2. Give b(o).
7
Suppose 2*a = -3*a. Let q(b) = -25*b**2 - 7*b - 5. Suppose 15*l - 140 = -20*l. Let n(d) = 11*d**2 + 3*d + 3. Let p(s) = l*q(s) + 9*n(s). Calculate p(a).
7
Let s(i) = 79*i - 1. Let m(h) = -308*h - 83. Let p(a) = -m(a) - 4*s(a). Determine p(9).
15
Let b(p) = -98*p**2 - 3*p + 52*p**2 + 0*p + 3 + 38*p**2 + 47*p**2. What is b(1)?
39
Let p(n) = n**2 - 4*n - 1. Let j be 3 + 4 - (-3 - (-13 - -6)). Let t be 42/8 - (-1)/(-4). Suppose -q - t*o = -23, 2*q = -o + 7 + j. What is p(q)?
-4
Let g(x) = 494*x + 22. Let f(s) = -155*s - 7. Let y(k) = -16*f(k) - 5*g(k). Let a be (-8)/(-6)*9/(-6). Give y(a).
-18
Let a(x) = 4*x - 2*x + 0*x. Let z(b) be the first derivative of b**4/2 - 25*b**3/3 - 13*b**2/2 + 4*b + 41. Let s be z(13). Determine a(s).
8
Let p(h) be the second derivative of h**5/20 + 13*h**4/4 + 37*h**3/6 - 19*h**2 + 1189*h. What is p(-38)?
0
Let m(v) be the third derivative of -v**6/120 + v**5/12 + v**4/4 + v**3/2 - v**2. Suppose 0 = 7*f - 8*f - 2*k + 14, 3*f = -3*k + 30. Determine m(f).
3
Let b(a) = -971 + 1949 + 52*a - 973. What is b(1)?
57
Let p(y) = -2*y - 8. Let v = 56 + -54. Let m(w) = v + w + 2*w**2 - 7*w**2 + 2*w. Let u be m(-1). Give p(u).
4
Let t(q) = q**3 + 6*q**2 - 38*q + 30. Let n be t(-10). Let i(j) = -j**3 + 11*j**2 - 14*j - 10. Give i(n).
-50
Let d(z) = z - 9. Let t(j) be the first derivative of -11*j**2/2 - 8*j - 32. Let g be t(-2). Suppose -y + 3*y = 5*q + g, -4*y = -4*q - 40. Give d(y).
3
Let y be (-3)/(-2)*(2 - (-66)/(-9)). Let l be (-34)/y + (3 - (-78)/(-24)). Let d(t) = 0*t**2 + t**2 - l + 5 - 2*t**2. Determine d(0).
1
Let y(x) = x**2 - 12*x + 13. Suppose -3*l = -0*t + 5*t - 63, -2*l - 8 = 0. Suppose 0 = -2*z + 3*z + 2*w - 8, 0 = -z + 5*w + t. Determine y(z).
-7
Let h = 2194 + -2191. Let k(o) = -o**2 - o + 8. Give k(h).
-4
Let a(q) = -265*q**2 + 12*q + 10. Let h(o) = -1457*o**2 + 60*o + 49. Let l(g) = 22*a(g) - 4*h(g). Give l(11).
46
Let q be 3*(-4)/(-16)*4. Suppose 6 = -2*c, 3*i - 553 = -i + q*c. Let k = 132 - i. Let u(v) = -v**3 - 3*v**2 + 3*v + 6. What is u(k)?
10
Let y(f) = -10 + 10955*f - 339*f**2 - f**3 + 332*f**2 - 10956*f. Suppose 5*d - n + 38 = 0, 5*d = 2*d + 3*n - 30. What is y(d)?
-3
Let n(q) = 9*q**3 - 9*q**2 - 22*q + 46. Let j(o) = -7*o**3 + 8*o**2 + 15*o - 45. Let h(g) = 5*j(g) + 4*n(g). What is h(-4)?
11
Let t(u) = u**3 - 15*u**2 - 4*u - 40. Let p(y) = -y**3 + 16*y**2 + 4*y + 44. Let d(l) = 6*p(l) + 7*t(l). Give d(8).
-112
Let z = 91 - 86. Let y(v) = 9 + z + 2*v - 5 + 10*v**2 - v + v**3. Give y(-10).
-1
Suppose 4*p - 5*a = 27, -p - 5*a = -2*p + 18. Let w = 0 + p. Let f(m) = -m - 3 - 5*m + 2 + 2*m. Give f(w).
-13
Let t(c) = -85*c + 2975. Let k be t(35). Let y(i) = -10*i - 4. What is y(k)?
-4
Let t(n) = -n**2 + 8*n - 1. Let j = 97 + -23. Suppose -5*q = -j + 49. What is t(q)?
14
Let m(d) = 3*d - 12 + 2 + 0 + 6 - 2. Determine m(5).
9
Let a be (3/6)/(-1 + (-5)/(-6)). Let o(m) = 2*m**3 - m**2 - m + 4. Let g(y) = 3*y**2 + y - 2 - 2*y**3 - y**3 - 6. Let v(d) = a*g(d) - 5*o(d). Give v(-4).
-4
Let y = -719 - -708. Let q(x) = x**2 + 14*x + 16. Determine q(y).
-17
Let u(g) = 3*g**2 - 28*g + 60. Let c(z) = -z**2 + 2*z - 16. Let p(s) = -2*c(s) - u(s). Determine p(23).
-5
Let b(j) be the first derivative of j**4/4 + 38*j**3/3 + 63*j**2/2 - 319*j + 8701. Calculate b(-36).
5
Let h(d) be the third derivative of d**4/24 - d**3/6 + 3*d**2 - 84*d. Suppose 3*c + 3*f + 1 = -17, 4*c - 4*f = -8. Give h(c).
-5
Let a = 343 - 332. Let h(v) = 1 + 4*v**2 - a*v + 0*v**3 + 0*v**3 - 4*v**3 + 3*v + 5*v**3. Give h(-6).
-23
Let n be (-18)/(-21) + 1 + (-3)/(-21). Let k(b) = 15*b**2 + 6*b + 5*b**n - 18*b**2 + 6 + 0. What is k(-5)?
26
Let g be -13 - (7 - 17) - -6. Let x(k) = -k**3 + 4*k**2 - 2*k + 5. What is x(g)?
8
Let h(k) = -3*k**2 + 2*k - 8. Let o(p) be the second derivative of p**4/12 - p**3/6 + p**2/2 - 16*p. Let s(x) = h(x) + 4*o(x). Determine s(3).
-1
Let x(p) = 5361*p + 4 - 5362*p - 41. What is x(-23)?
-14
Let j(k) be the second derivative of k**3/6 - 13*k**2 - 16*k + 21. What is j(24)?
-2
Suppose -6*t + 18 = -3*t. Let v(o) = -2*o**2 - o + 1. Let y(k) = 13*k**2 - k - 4. Suppose -22 = -7*d - 15. Let c(f) = d*y(f) + 6*v(f). What is c(t)?
-4
Suppose -24 = 5*u - 64. Suppose q + u = -q. Let g be 3 - (q - (4 - 12)). Let z(t) = -9*t - 1. Give z(g).
8
Let d(g) = -6*g**2 + 8. Let v be 120/(-30) - (-9 + 9). Determine d(v).
-88
Let c(w) = -w**3 - 8*w**2 - 12*w. Let y be c(-6). Let d(q) = -8 + q - 7 - 3 + 23. Calculate d(y).
5
Let p(g) be the third derivative of 5*g**4/12 + 31*g**3/3 - 516*g**2. Determine p(-6).
2
Suppose 0 = 5*z + 61 + 29. Let b be (z/(-54))/((-2)/42). Let y(v) = v**3 + 8*v**2 + 6*v - 4. Calculate y(b).
3
Let s = -46 + 56. Let h be 16/3 - ((-360)/(-27))/s. Let y(l) = l + 1. Determine y(h).
5
Let b(n) be the first derivative of 11*n**2/2 + 21*n + 4646. Determine b(-4).
-23
Let m(k) = -16*k + 91. Let x(i) = 2*i - 16. Let v(d) = m(d) + 4*x(d). What is v(5)?
-13
Let y(k) be the first derivative of -k**4/4 + 8*k**3/3 - 7*k**2/2 + k + 38. Suppose 4*b = 3*d - 21, -22 = -2*d + 2*b - 8. What is y(d)?
1
Let p(f) = -12*f - 132. Let k be p(-11). Let y(z) = -4 - 3 + 5 + z. Determine y(k).
-2
Let c = 0 + -4. Let i(v) = 3*v - 1970 - 1977 - 4*v + 3945. Determine i(c).
2
Let p 